{"id":7,"date":"2016-02-07T17:23:53","date_gmt":"2016-02-07T16:23:53","guid":{"rendered":"http:\/\/okpb1995.bplaced.net\/?page_id=7"},"modified":"2026-03-19T10:44:07","modified_gmt":"2026-03-19T09:44:07","slug":"vorstand","status":"publish","type":"page","link":"http:\/\/okpb1995.bplaced.net\/?page_id=7","title":{"rendered":"Vorstand"},"content":{"rendered":"<p style=\"text-align: center;\">.<\/p>\n<p style=\"text-align: left;\"><span style=\"color: #008000;\">Der Vorstand besteht aus drei Mitgliedern, die f\u00fcr vier Jahre gew\u00e4hlt werden.<br \/>\nBei der letzten Wahl (2026) wurden gew\u00e4hlt bzw. best\u00e4tigt:<br \/>\nPr\u00e4sident: Andreas Guelle<br \/>\nVizepr\u00e4sident:\u00a0Wilhelm Groppe<br \/>\nSchatzmeister: Dr. R. (Dave) Lubek<br \/>\nDer Vorstand im Sinne des \u00a7 26 BGB besteht aus dem Pr\u00e4sidenten sowie seinem Stellvertreter.<\/span><\/p>\n<p style=\"text-align: left;\"><span style=\"color: #008000;\"><a style=\"color: #008000;\" href=\"http:\/\/okpb1995.bplaced.net\/?page_id=284\">Datenschutzerkl\u00e4rung<\/a><\/span><\/p>\n","protected":false},"excerpt":{"rendered":"<p>. Der Vorstand besteht aus drei Mitgliedern, die f\u00fcr vier Jahre gew\u00e4hlt werden. Bei der letzten Wahl (2026) wurden gew\u00e4hlt bzw. best\u00e4tigt: Pr\u00e4sident: Andreas Guelle Vizepr\u00e4sident:\u00a0Wilhelm Groppe Schatzmeister: Dr. R. (Dave) Lubek Der Vorstand im Sinne des \u00a7 26 BGB besteht aus dem Pr\u00e4sidenten sowie seinem Stellvertreter. Datenschutzerkl\u00e4rung<\/p>\n","protected":false},"author":1,"featured_media":0,"parent":184,"menu_order":0,"comment_status":"closed","ping_status":"closed","template":"page-full-width.php","meta":{"_mc_calendar":[],"footnotes":""},"class_list":["post-7","page","type-page","status-publish","hentry"],"aioseo_notices":[],"_links":{"self":[{"href":"http:\/\/okpb1995.bplaced.net\/index.php?rest_route=\/wp\/v2\/pages\/7","targetHints":{"allow":["GET"]}}],"collection":[{"href":"http:\/\/okpb1995.bplaced.net\/index.php?rest_route=\/wp\/v2\/pages"}],"about":[{"href":"http:\/\/okpb1995.bplaced.net\/index.php?rest_route=\/wp\/v2\/types\/page"}],"author":[{"embeddable":true,"href":"http:\/\/okpb1995.bplaced.net\/index.php?rest_route=\/wp\/v2\/users\/1"}],"replies":[{"embeddable":true,"href":"http:\/\/okpb1995.bplaced.net\/index.php?rest_route=%2Fwp%2Fv2%2Fcomments&post=7"}],"version-history":[{"count":14,"href":"http:\/\/okpb1995.bplaced.net\/index.php?rest_route=\/wp\/v2\/pages\/7\/revisions"}],"predecessor-version":[{"id":572,"href":"http:\/\/okpb1995.bplaced.net\/index.php?rest_route=\/wp\/v2\/pages\/7\/revisions\/572"}],"up":[{"embeddable":true,"href":"http:\/\/okpb1995.bplaced.net\/index.php?rest_route=\/wp\/v2\/pages\/184"}],"wp:attachment":[{"href":"http:\/\/okpb1995.bplaced.net\/index.php?rest_route=%2Fwp%2Fv2%2Fmedia&parent=7"}],"curies":[{"name":"wp","href":"https:\/\/api.w.org\/{rel}","templated":true}]}}